r**2/2 - 10*r + 16. What is u(7)?
4
Let n(u) = 10*u**3 + 1. Let q be 0 - (-2 + 1 + -19). Let d = -19 + q. Determine n(d).
11
Let b = 3 - 1. Let l(i) = -5*i**2 - i + 9. Let a(c) = -2*c**2 + 3. Let h(g) = -11*a(g) + 4*l(g). Give h(b).
3
Let h(y) = -y**3 + y**2 - y. Let b(u) = -6*u**3 + 12*u**2 - 9*u - 4. Let l(r) = -b(r) + 5*h(r). Calculate l(6).
-8
Let g(d) = -d**3 + 5*d**2 + 9*d - 1. Let v(c) = -c**2 + 6*c + 1. Let x be 7/(7/(-2)) - -7. Let m be v(x). What is g(m)?
17
Let i(g) = -g**3 + 9*g**2 - 3. Let b be i(9). Let f(y) = -9*y**2 - 3*y + 2. Let d(m) = 8*m**2 + 3*m - 2. Let o(j) = -7*d(j) - 6*f(j). Calculate o(b).
-7
Let c = 20 + -16. Let b(h) be the third derivative of 0*h - 1/24*h**c - 1/20*h**5 - h**2 - 1/120*h**6 - 1/3*h**3 + 0. Determine b(-2).
-4
Suppose 2*j = 2*l - 2, j + 3*l + 6 = 1. Let g(s) = -s**2 + 1. Give g(j).
-3
Let c(u) = 2*u + 4. Let o be -4 - (-1 + (-2 - -1)). Let z be (1 - -1)/(8/12). Let i be ((-5)/o)/(z/(-6)). What is c(i)?
-6
Suppose -18 + 6 = 3*v. Let u = v + 5. Let s(w) = -3*w**3 + w**2 + w - 1. What is s(u)?
-2
Suppose 0 = 4*f - 2*f - 4. Let n be 1/(3/6) - -2. Let m(u) = u + 2 + u**3 + 0*u - n*u + f*u**2. Give m(-3).
2
Let c(k) be the second derivative of 1/6*k**3 - k + 1/120*k**6 + 1/12*k**5 + 1/6*k**4 + 2*k**2 + 0. Let w(d) be the first derivative of c(d). Determine w(-4).
1
Let h(z) be the second derivative of -z**2 + 0 - 5*z - 1/6*z**3. What is h(-7)?
5
Suppose 2 = -3*i + 8. Suppose 0*x - 21 = 2*v - 3*x, -13 = v - i*x. Let y(z) = 7*z**2 + 4. Let a(t) = t**2 - t. Let l(q) = 5*a(q) - y(q). Calculate l(v).
-7
Let q be (-2)/(4/(6/(-3))). Let m(l) = 2*l + 0 + q - 4 - l**2. Let a(i) = i**2 + 5*i + 3. Let o be a(-5). What is m(o)?
-6
Suppose -y = 2*j - 8, -2*j + 12 = j. Let s(c) = c**2 + 2. Give s(y).
2
Let f(r) = r**2 - 4*r + 1. Let p be f(4). Let y(s) = 3*s - 2. Let j(c) = -c**2 + 4*c - 3. Let n(w) = 2*j(w) - 3*y(w). Determine n(p).
-3
Let m = -9 - -12. Let f(i) = -i**2 - 5*i - m*i + 5*i + 0*i**2 + 5. Calculate f(-5).
-5
Let l = 12 + -6. Let s = 3 - l. Let x be s + 0/(2/(-2)). Let n(d) = -d**2 - 4*d - 2. Calculate n(x).
1
Let w = -12 - -13. Let p(o) = o. Determine p(w).
1
Let b(h) = h**3 - 9*h**2 + 7*h + 7. Suppose 4*v = -30 + 62. Calculate b(v).
-1
Let r(f) be the third derivative of f**5/15 + 3*f**2. What is r(-1)?
4
Let o(y) = 5*y**3 + 15*y**2 - 17*y + 1. Let l(j) = 2*j**3 + 7*j**2 - 8*j + 1. Let x(u) = 7*l(u) - 3*o(u). Suppose 3*d - 5 = 19. Let a be 4*2/(d/3). Give x(a).
-2
Suppose -7 = j + s - 1, 3*s = -12. Let w(t) = 4*t - 10. Let g(n) = -2*n + 5. Let i(o) = j*w(o) - 5*g(o). Give i(5).
5
Suppose 2*v - 3*h = -2, -4*v + 0*v - 2*h = -28. Let u(c) = -c + 9. Determine u(v).
4
Let p(m) = 3*m - 4. Let g be 1 + 0/2 - -2. Give p(g).
5
Let f(s) = s**3 - 5*s**2 - 6 - 2*s**2 + 3*s**2 + 3*s. Calculate f(4).
6
Suppose 0 = -k + 62 - 65. Let t(m) be the third derivative of -m**5/120 + m**4/12 - m**3/3 + 2*m**2. Let o(r) be the first derivative of t(r). Calculate o(k).
5
Let f(t) = t**3 + 3*t**2 - 4*t - 1. Let m(n) = -n**3 - 6*n**2 - 3*n + 6. Suppose -18 = 4*d + 2. Let c be m(d). What is f(c)?
-1
Suppose -a = 4*a - 25. Let m(b) be the first derivative of -b**6/120 + b**5/15 + b**4/6 - b**2/2 + 2. Let v(u) be the second derivative of m(u). Give v(a).
-5
Let g(r) = 2*r + 3. Suppose 0 = -0*v - 4*v - 8. Let x(l) be the second derivative of -l**3/3 - 3*l**2/2 + 2*l. Let a(k) = v*x(k) - 3*g(k). Give a(-4).
5
Let u be (11*2)/(-2 + 1). Let y = -26 - u. Let b(i) = i**3 + 3*i**2 - 4*i - 2. Calculate b(y).
-2
Let l(b) = -2*b - 7. Let i(n) = n - 9. Let c be i(5). Let j = c - -4. Let a = -5 - j. Give l(a).
3
Let m(h) = h + 1 - 5*h**2 + 4*h**2 - 10. Give m(0).
-9
Let j(z) = 13*z**3 - 3*z**2 - 2*z + 1. Let g(k) = -66*k**3 + 16*k**2 + 10*k - 6. Let l(h) = 2*g(h) + 11*j(h). Give l(-1).
-11
Let v(d) = d. Let c(r) = 12*r. Suppose 2*z + 3*z + 5 = 0. Let s(u) = z*c(u) + 5*v(u). Give s(1).
-7
Let a(m) = -9*m**3 + m**2 - m - 1. Let f(z) = -z**3 - z + 4. Let r be f(0). Suppose 5*s + r*g - 11 = 0, -3*s + 0*g - 4*g = -13. What is a(s)?
10
Let o(j) = j**3 + 4*j**2 - 4*j + 4. Let y be o(-5). Let m(r) = 2*r**2 + r. Calculate m(y).
1
Let x = -5 - -11. Let i = x - 4. Let z(q) = 2*q**2 - 3*q + 1. Give z(i).
3
Let a(m) = 0 + 6 + 6*m**2 + 0*m**3 - m - 4*m**3 + 3*m**3. Determine a(6).
0
Let v(q) = q**2 - 5 + 0*q**2 - 6*q + 3 - 3*q**2. Let u(l) = -l**3 + 3*l**2 - l - 1. Let w be u(2). Let h = -3 - w. Calculate v(h).
-10
Let l(n) = n + 1. Let y = -8 - -13. Suppose -43 = -y*z - 13. Suppose -2*q + z*q = 20. What is l(q)?
6
Let u = -98 + 95. Let g(j) = -2*j**2 - 4*j - 1. Determine g(u).
-7
Let t(y) = 2*y**2 + 4*y - 4. Let w be t(-3). Let a(i) = -5*i + 2. Determine a(w).
-8
Suppose 3*w + 3*u - u = -22, -4*w - 18 = -3*u. Let k(t) be the second derivative of t**5/20 + 5*t**4/12 - 2*t**3/3 + 4*t**2 + t. What is k(w)?
-4
Let d(w) = -w**2 + w - 1. Let k(r) be the second derivative of 5*r**4/12 - r**3/6 + 5*r**2 + 2*r. Let p(c) = 6*d(c) + k(c). Give p(3).
10
Let a(q) = -3*q**2 - 3*q + 4*q + 2 - 6*q + 0*q**2 + q**3. Calculate a(3).
-13
Let y be 2 + (2/(-2) - -1). Let d(r) be the third derivative of 1/24*r**4 - 6*r**2 + 0*r - 1/3*r**3 + 0. Determine d(y).
0
Let c(r) = -r**3 + 1 + 4*r**3 - 5*r**3. Let g = 1 + 2. Let w be g/(-4) - 2/8. Calculate c(w).
3
Let a(s) be the second derivative of 0 - 1/6*s**3 - 2*s + 6*s**2. Suppose 0 = -3*v + 5 + 10. Determine a(v).
7
Let a(l) = -2*l**2 - 3*l. Let v = 7 - 8. Let m = v - 1. What is a(m)?
-2
Let r(q) be the second derivative of 3/2*q**2 + 1/2*q**3 - 5*q + 0. Calculate r(-3).
-6
Let b(h) = 4*h**2 - 5*h - 5. Let g(y) = 5*y**2 - 6*y - 5. Let x(l) = 4*b(l) - 3*g(l). Give x(5).
10
Let o(q) be the second derivative of q**6/120 - q**5/12 + q**3 - 5*q**2/2 - q. Let k(g) be the first derivative of o(g). What is k(5)?
6
Let r = 233/2 - 116. Let k(x) be the second derivative of 0 + 0*x**2 + 4*x + 1/6*x**3 - r*x**4. Give k(1).
-5
Let n(z) be the third derivative of 5*z**2 + 0 - 1/60*z**5 - 1/6*z**4 + 0*z + 0*z**3. Calculate n(-4).
0
Let p(a) = a**2 + 3*a - 5. Let u(r) = 4*r - 10. Let j(q) = 9*q - 21. Let y(z) = 2*j(z) - 5*u(z). Let g be y(6). Give p(g).
-1
Suppose -47*h + 14 = -45*h. Let a(j) = -j**2 + 3*j. Give a(h).
-28
Let l(r) be the first derivative of -4 + 1/2*r**2 - 3*r. Suppose -5*x = 2*w - 12, -13 = -5*x + 5*w + 27. Determine l(x).
1
Let y(x) = x**3 - 6*x**2 - x + 4. Suppose u - 3*p - 30 = 0, 2*u + u - 90 = p. Let t be ((-4)/(-10))/(2/u). Calculate y(t).
-2
Let n(z) = z**2 - 1. Let d(k) = 16 + 3*k**3 - 4*k**3 - 6 + 8*k - 6*k**2. Let s be d(-7). Determine n(s).
8
Let z be (-1*4/24)/(-1). Let g(d) be the third derivative of 1/120*d**6 - 1/6*d**3 + 0*d - d**2 + 0 - 1/20*d**5 - z*d**4. Calculate g(4).
-1
Let y = -3 + 5. Suppose l - 1 = 1. Let t(d) = 2*d - l*d - 2*d. What is t(y)?
-4
Let a(p) be the second derivative of p**5/20 - p**4/12 + 2*p**2 + 4*p - 6. Determine a(0).
4
Suppose -4*b - 3*g - 3 = -6*g, -3*b = -2*g + 3. Let n be 11/2 + b/(-6). Let x(j) = n - 4 - j - 3. Determine x(0).
-1
Let y(g) = 0 + 0 - 1 + 0. Let b(i) = i - 9. Let n(q) = b(q) - 5*y(q). What is n(-5)?
-9
Let o(l) be the first derivative of 1/4*l**4 - 3 - 1/2*l**2 - l**3 + 4*l. Determine o(3).
1
Let a(z) = -z**3 + 10*z**2 + 10*z + 12. Let g be a(11). Let i(s) = 20*s**2 - 1. Calculate i(g).
19
Let m(h) = 3*h**2 - 2*h + 3. Let i(x) = -5*x**2 + 5*x - 5. Let z(b) = 4*i(b) + 7*m(b). What is z(-6)?
1
Suppose -2*o = 4 - 10. Let w(s) = 2*s**2 - 2*s**2 - 2*s + 1 + s**o + 0*s**2. Let y(j) = -j**3 + 4*j**2 + j - 2. Let d be y(4). Calculate w(d).
5
Let y(b) be the third derivative of 1/20*b**5 - 6*b**2 + 1/12*b**4 + 0*b + 1/120*b**6 + 0*b**3 + 0. Give y(-2).
0
Suppose 3*w - 4 = -5*f - 2, 2*w - 8 = -5*f. Let l(c) be the third derivative of c**4/24 + 4*c**3/3 - 41*c**2. What is l(w)?
2
Suppose 0 = -4*r + 3*z + 8 + 14, 0 = 3*r - 3*z - 18. Let l(g) be the second derivative of 0 + 1/12*g**r + 5/6*g**3 - g + g**2. Give l(-5).
2
Suppose 0*f + 5*u - 19 = 2*f, f = -2*u + 4. Let c(k) be the second derivative of 1/3*k**3 - 2*k - 1/2*k**2 + 0. Determine c(f).
-5
Let u(x) = 2*x**2. Let r be u(-1). Let b be (-6)/(-3) + (-1 - -2). Let i(k) = -4 + 2*k + 2*k**2 - 5*k - r + b. Give i(3).
6
Suppose 2*n + 2 = 4*v - v, -4*n - 5*v + 40 = 0. Suppose -2*t + 12 = -n*t. Let z(p) = -p**2 - 2*p + 5. Determine